{"id":3190,"date":"2025-12-11T09:42:13","date_gmt":"2025-12-11T07:42:13","guid":{"rendered":"https:\/\/vs-werdau.de\/wp\/?page_id=3190"},"modified":"2025-12-11T09:44:31","modified_gmt":"2025-12-11T07:44:31","slug":"80-jahre-volkssolidaritaet","status":"publish","type":"page","link":"https:\/\/vs-werdau.de\/wp\/ueber-uns\/80-jahre-volkssolidaritaet","title":{"rendered":"80 Jahre Volkssolidarit\u00e4t"},"content":{"rendered":"<p><iframe loading=\"lazy\" title=\"80 Jahre Volkssolidarit\u00e4t |\u00a0Charity-Gala &amp; Sozialpreis 2025\" width=\"584\" height=\"329\" src=\"https:\/\/www.youtube.com\/embed\/dnPFlZ3-9VI?feature=oembed\" frameborder=\"0\" allow=\"accelerometer; autoplay; clipboard-write; encrypted-media; gyroscope; picture-in-picture; web-share\" referrerpolicy=\"strict-origin-when-cross-origin\" allowfullscreen><\/iframe><\/p>\n<p><strong>Sozialpreis 2025 und 80-Jahre-Charity-Gala der Volkssolidarit\u00e4t<\/strong><\/p>\n<p>Mit zwei besonderen Veranstaltungen hat die Volkssolidarit\u00e4t eindrucksvoll gezeigt, wie vielf\u00e4ltig und wirksam solidarisches Handeln heute ist. Sowohl die Verleihung des Sozialpreises 2025 am 18.10.2025 auf dem Schiff Gr\u00e4fin Cosel als auch die festliche \u201e80 Jahre Volkssolidarit\u00e4t\u201c-Charity-Gala der Volkssolidarit\u00e4t in Dresden am Tag davor r\u00fcckten Menschen, Projekte und Geschichten in den Mittelpunkt, die unser gesellschaftliches Miteinander st\u00e4rken und pr\u00e4gen.<\/p>\n<p><strong>Sozialpreis 2025: Auszeichnung f\u00fcr gelebtes Engagement<\/strong><br \/>\nIm Rahmen der feierlichen Sozialpreisverleihung wurden Personen geehrt, die sich in besonderer Weise f\u00fcr soziale Gerechtigkeit, Teilhabe und Menschlichkeit in Sachsen einsetzen. Die Preistr\u00e4ger:innen zeigen eindrucksvoll, wie lebendig Solidarit\u00e4t in unserer Gesellschaft ist \u2013 sei es durch ehrenamtliches Engagement, innovative soziale Projekte oder die Unterst\u00fctzung vulnerabler Gruppen. Die ausgezeichneten Initiativen stehen beispielhaft f\u00fcr das, was die Volkssolidarit\u00e4t seit Jahrzehnten ausmacht: Hinschauen, anpacken, Verantwortung \u00fcbernehmen.<\/p>\n<p><strong>Ausgezeichnet mit dem Sozialpreis wurde u.a. die Vorsitzende der Volkssolidarit\u00e4t Zwickauer Land, Frau Steffie Wagner-Markert.<\/strong><\/p>\n<p><a href=\"http:\/\/vs-werdau.de\/wp\/wp-content\/uploads\/2025\/12\/251018_Dresden_MS-GraefinCosel_80JahreVolkssolidaritaet_web2-4967.jpg\"><img loading=\"lazy\" decoding=\"async\" class=\"alignnone wp-image-3191 size-full\" src=\"http:\/\/vs-werdau.de\/wp\/wp-content\/uploads\/2025\/12\/251018_Dresden_MS-GraefinCosel_80JahreVolkssolidaritaet_web2-4967.jpg\" alt=\"\" width=\"1920\" height=\"1279\" srcset=\"https:\/\/vs-werdau.de\/wp\/wp-content\/uploads\/2025\/12\/251018_Dresden_MS-GraefinCosel_80JahreVolkssolidaritaet_web2-4967.jpg 1920w, https:\/\/vs-werdau.de\/wp\/wp-content\/uploads\/2025\/12\/251018_Dresden_MS-GraefinCosel_80JahreVolkssolidaritaet_web2-4967-300x200.jpg 300w, https:\/\/vs-werdau.de\/wp\/wp-content\/uploads\/2025\/12\/251018_Dresden_MS-GraefinCosel_80JahreVolkssolidaritaet_web2-4967-1024x682.jpg 1024w, https:\/\/vs-werdau.de\/wp\/wp-content\/uploads\/2025\/12\/251018_Dresden_MS-GraefinCosel_80JahreVolkssolidaritaet_web2-4967-768x512.jpg 768w, https:\/\/vs-werdau.de\/wp\/wp-content\/uploads\/2025\/12\/251018_Dresden_MS-GraefinCosel_80JahreVolkssolidaritaet_web2-4967-1536x1023.jpg 1536w, https:\/\/vs-werdau.de\/wp\/wp-content\/uploads\/2025\/12\/251018_Dresden_MS-GraefinCosel_80JahreVolkssolidaritaet_web2-4967-450x300.jpg 450w\" sizes=\"auto, (max-width: 1920px) 100vw, 1920px\" \/><\/a><\/p>\n","protected":false},"excerpt":{"rendered":"<p>Sozialpreis 2025 und 80-Jahre-Charity-Gala der Volkssolidarit\u00e4t Mit zwei besonderen Veranstaltungen hat die Volkssolidarit\u00e4t eindrucksvoll gezeigt, wie vielf\u00e4ltig und wirksam solidarisches Handeln heute ist. Sowohl die Verleihung des Sozialpreises 2025 am 18.10.2025 auf dem Schiff Gr\u00e4fin Cosel als auch die festliche &hellip; <a href=\"https:\/\/vs-werdau.de\/wp\/ueber-uns\/80-jahre-volkssolidaritaet\">Weiterlesen <span class=\"meta-nav\">&rarr;<\/span><\/a><\/p>\n","protected":false},"author":15,"featured_media":0,"parent":758,"menu_order":0,"comment_status":"closed","ping_status":"closed","template":"","meta":{"footnotes":""},"class_list":["post-3190","page","type-page","status-publish","hentry"],"aioseo_notices":[],"_links":{"self":[{"href":"https:\/\/vs-werdau.de\/wp\/wp-json\/wp\/v2\/pages\/3190","targetHints":{"allow":["GET"]}}],"collection":[{"href":"https:\/\/vs-werdau.de\/wp\/wp-json\/wp\/v2\/pages"}],"about":[{"href":"https:\/\/vs-werdau.de\/wp\/wp-json\/wp\/v2\/types\/page"}],"author":[{"embeddable":true,"href":"https:\/\/vs-werdau.de\/wp\/wp-json\/wp\/v2\/users\/15"}],"replies":[{"embeddable":true,"href":"https:\/\/vs-werdau.de\/wp\/wp-json\/wp\/v2\/comments?post=3190"}],"version-history":[{"count":4,"href":"https:\/\/vs-werdau.de\/wp\/wp-json\/wp\/v2\/pages\/3190\/revisions"}],"predecessor-version":[{"id":3195,"href":"https:\/\/vs-werdau.de\/wp\/wp-json\/wp\/v2\/pages\/3190\/revisions\/3195"}],"up":[{"embeddable":true,"href":"https:\/\/vs-werdau.de\/wp\/wp-json\/wp\/v2\/pages\/758"}],"wp:attachment":[{"href":"https:\/\/vs-werdau.de\/wp\/wp-json\/wp\/v2\/media?parent=3190"}],"curies":[{"name":"wp","href":"https:\/\/api.w.org\/{rel}","templated":true}]}}

80 Jahre Volkssolidarität

<p><iframe loading="lazy" title="80 Jahre Volkssolidarität | Charity-Gala &amp; Sozialpreis 2025" width="584" height="329" src="https://www.youtube.com/embed/dnPFlZ3-9VI?feature=oembed" frameborder="0" allow="accelerometer; autoplay; clipboard-write; encrypted-media; gyroscope; picture-in-picture; web-share" referrerpolicy="strict-origin-when-cross-origin" allowfullscreen></iframe></p>
<p><strong>Sozialpreis 2025 und 80-Jahre-Charity-Gala der Volkssolidarität</strong></p>
<p>Mit zwei besonderen Veranstaltungen hat die Volkssolidarität eindrucksvoll gezeigt, wie vielfältig und wirksam solidarisches Handeln heute ist. Sowohl die Verleihung des Sozialpreises 2025 am 18.10.2025 auf dem Schiff Gräfin Cosel als auch die festliche „80 Jahre Volkssolidarität“-Charity-Gala der Volkssolidarität in Dresden am Tag davor rückten Menschen, Projekte und Geschichten in den Mittelpunkt, die unser gesellschaftliches Miteinander stärken und prägen.</p>
<p><strong>Sozialpreis 2025: Auszeichnung für gelebtes Engagement</strong><br />
Im Rahmen der feierlichen Sozialpreisverleihung wurden Personen geehrt, die sich in besonderer Weise für soziale Gerechtigkeit, Teilhabe und Menschlichkeit in Sachsen einsetzen. Die Preisträger:innen zeigen eindrucksvoll, wie lebendig Solidarität in unserer Gesellschaft ist – sei es durch ehrenamtliches Engagement, innovative soziale Projekte oder die Unterstützung vulnerabler Gruppen. Die ausgezeichneten Initiativen stehen beispielhaft für das, was die Volkssolidarität seit Jahrzehnten ausmacht: Hinschauen, anpacken, Verantwortung übernehmen.</p>
<p><strong>Ausgezeichnet mit dem Sozialpreis wurde u.a. die Vorsitzende der Volkssolidarität Zwickauer Land, Frau Steffie Wagner-Markert.</strong></p>
<p><a href="http://vs-werdau.de/wp/wp-content/uploads/2025/12/251018_Dresden_MS-GraefinCosel_80JahreVolkssolidaritaet_web2-4967.jpg"><img loading="lazy" decoding="async" class="alignnone wp-image-3191 size-full" src="http://vs-werdau.de/wp/wp-content/uploads/2025/12/251018_Dresden_MS-GraefinCosel_80JahreVolkssolidaritaet_web2-4967.jpg" alt="" width="1920" height="1279" srcset="https://vs-werdau.de/wp/wp-content/uploads/2025/12/251018_Dresden_MS-GraefinCosel_80JahreVolkssolidaritaet_web2-4967.jpg 1920w, https://vs-werdau.de/wp/wp-content/uploads/2025/12/251018_Dresden_MS-GraefinCosel_80JahreVolkssolidaritaet_web2-4967-300x200.jpg 300w, https://vs-werdau.de/wp/wp-content/uploads/2025/12/251018_Dresden_MS-GraefinCosel_80JahreVolkssolidaritaet_web2-4967-1024x682.jpg 1024w, https://vs-werdau.de/wp/wp-content/uploads/2025/12/251018_Dresden_MS-GraefinCosel_80JahreVolkssolidaritaet_web2-4967-768x512.jpg 768w, https://vs-werdau.de/wp/wp-content/uploads/2025/12/251018_Dresden_MS-GraefinCosel_80JahreVolkssolidaritaet_web2-4967-1536x1023.jpg 1536w, https://vs-werdau.de/wp/wp-content/uploads/2025/12/251018_Dresden_MS-GraefinCosel_80JahreVolkssolidaritaet_web2-4967-450x300.jpg 450w" sizes="auto, (max-width: 1920px) 100vw, 1920px" /></a></p>

<p>Sozialpreis 2025 und 80-Jahre-Charity-Gala der Volkssolidarität Mit zwei besonderen Veranstaltungen hat die Volkssolidarität eindrucksvoll gezeigt, wie vielfältig und wirksam solidarisches Handeln heute ist. Sowohl die Verleihung des Sozialpreises 2025 am 18.10.2025 auf dem Schiff Gräfin Cosel als auch die festliche &hellip; <a href="https://vs-werdau.de/wp/ueber-uns/80-jahre-volkssolidaritaet">Weiterlesen <span class="meta-nav">&rarr;</span></a></p>
